-1).
16
Let s(c) = c + 4. What is s(0)?
4
Let v(c) = -7*c + 357. Determine v(52).
-7
Let h(s) = 4*s + 4. What is h(-5)?
-16
Let z(i) = -3*i**2 + 31*i - 2. Determine z(10).
8
Let l(u) = 7*u - 57. Determine l(0).
-57
Let u(i) = 3*i**2 - 17*i - 63. Calculate u(8).
-7
Let t(l) = l**3 + l**2 - l - 45. Calculate t(0).
-45
Let n(x) = -41*x - 7. Determine n(-1).
34
Let n(k) = k**2 - 6*k + 3. Determine n(5).
-2
Let z(n) = -n**2 - 26*n - 29. Determine z(-27).
-56
Let g(p) = -21*p + 77. Give g(4).
-7
Let k(p) = 3*p - 56. Determine k(17).
-5
Let t(q) = q + 28. Calculate t(-12).
16
Let t(z) = 3*z - 9. What is t(4)?
3
Let a(b) = -b**3 + 4*b**2 + 3*b - 6. Give a(5).
-16
Let n(c) = -c**3 + 7*c**2 + 2*c + 40. Calculate n(8).
-8
Let d(n) = 84*n - 3363. Calculate d(40).
-3
Let j(g) = -10*g + 118. Calculate j(13).
-12
Let b(a) = -a**3 - a**2 + 5*a + 4. Determine b(-3).
7
Let u(t) = 20*t - 2. Calculate u(-3).
-62
Let k(g) = 7*g**3 + g. Determine k(1).
8
Let q(m) = 6*m - 98. What is q(17)?
4
Let r(s) = -s**3 + 8*s**2 - 13*s - 12. Determine r(2).
-14
Let h(i) = i**2 - 38*i + 139. What is h(4)?
3
Let w(b) = -7*b + 68. Determine w(4).
40
Let z(x) = 3*x + 16. Calculate z(-6).
-2
Let j(y) = -y**2 + 27*y - 57. Give j(25).
-7
Let l(m) = m - 3. Give l(2).
-1
Let a(s) = -104*s**3 + s**2 + 2*s. Calculate a(-1).
103
Let h(r) = -21*r**2 - 2*r - 2. Give h(-2).
-82
Let d(y) = -2*y**3 - 3*y**2 - y + 1. Determine d(-2).
7
Let v(f) = 10*f + 1. What is v(1)?
11
Let j(k) = k**2 + 3*k - 35. Calculate j(-9).
19
Let z(b) = -b**3 + 14*b**2 - 10*b - 9. Give z(13).
30
Let a(w) = w**3 + 6*w**2 - 74*w - 440. What is a(-6)?
4
Let j(i) = -2*i - 14. Calculate j(-12).
10
Let g(o) = o**3 - o**2 + 2*o - 4. Calculate g(0).
-4
Let b(c) = -9*c + 102. Give b(11).
3
Let m(g) = 3*g**2 - 194*g - 64. Calculate m(65).
1
Let d(m) = -m**3 - 6*m**2 + 4*m - 3. Calculate d(-7).
18
Let m(o) = -3*o**2 + 31*o - 5. Give m(7).
65
Let x(y) = 3*y**3 + 2*y**2 - 4*y - 6. Determine x(3).
81
Let c(m) = -m**2 + 19*m + 61. What is c(22)?
-5
Let n(z) = 2*z**3 - 4*z**2 - 7*z + 6. What is n(4)?
42
Let f(x) = -x + 9. Give f(11).
-2
Let u(a) = a**2 + 4*a - 8. Determine u(-8).
24
Let o(p) = -4*p + 12. Determine o(-5).
32
Let i(r) = r**2 - r - 7. Give i(-3).
5
Let o(g) = 2*g + 15. Give o(-10).
-5
Let d(o) = 2*o - 30. What is d(0)?
-30
Let u(l) = 2*l - 20. Give u(-13).
-46
Let x(c) = -c**2 - 43*c - 219. What is x(-6)?
3
Let z(c) = 4*c**3 - 3*c**2 - 2*c + 4. Determine z(2).
20
Let w(g) = 5*g**3 + g**2 + g + 2. Give w(-2).
-36
Let u(i) = -i**2 + 3*i - 5. Give u(5).
-15
Let t(r) = r**2 - 27*r - 12. Determine t(28).
16
Let p(j) = 2*j**3 + j**2 + 8*j - 3. What is p(4)?
173
Let a(j) = j**3 - 7*j**2 + 9*j - 7. Determine a(6).
11
Let s(l) = -2*l**2 + 8*l + 24. Give s(7).
-18
Let w(i) = 30*i + 9. What is w(-2)?
-51
Let w(h) = h**3 - 5*h**2 - h + 17. Calculate w(3).
-4
Let d(x) = -x**2 - 11*x - 20. Calculate d(-5).
10
Let m(c) = -7*c + 3. What is m(2)?
-11
Let t(d) = 23*d - 84. Determine t(4).
8
Let u(r) = -8*r**2 + r + 1. What is u(1)?
-6
Let w(i) = 3*i**2 - 8*i + 18. Calculate w(6).
78
Let u(d) = 4*d**3 - 54*d**2 - 28*d + 3. Give u(14).
3
Let b(k) = 11*k - 128. Calculate b(9).
-29
Let u(d) = 4*d**2 - d - 35. Determine u(-5).
70
Let i(f) = 2*f - 6. Determine i(0).
-6
Let x(z) = 3*z - 72. What is x(21)?
-9
Let n(z) = -z**2 + 18*z + 8. Give n(18).
8
Let p(z) = -z**3 - 18*z**2 + 22*z + 41. Calculate p(-19).
-16
Let t(b) = -b**2 - 43*b - 40. Calculate t(-42).
2
Let m(i) = i**3 + 25*i**2 - 29*i - 44. Calculate m(-26).
34
Let x(q) = q**3 - 10*q**2 + q + 9. Determine x(11).
141
Let i(l) = -l - 2. Calculate i(9).
-11
Let d(b) = -2*b**2 + 2. What is d(3)?
-16
Let d(i) = -3*i**3 - 3*i**2 - 6*i - 2. What is d(-2)?
22
Let n(f) = 12*f**2 + 3*f + 5. What is n(-2)?
47
Let i(p) = p**2 - 29*p - 21. Calculate i(30).
9
Let b(y) = 10*y + 3. Calculate b(4).
43
Let k(v) = 4*v + 81. What is k(-27)?
-27
Let g(n) = -2*n**3 + 10*n**2 - 13*n - 7. Give g(6).
-157
Let z(b) = 10*b - 27. What is z(3)?
3
Let c(x) = 6*x + 4. Calculate c(5).
34
Let y(l) = 2*l**2 + 22*l - 221. Give y(6).
-17
Let s(t) = -10*t + 611. Determine s(61).
1
Let n(v) = -v**3 + 12*v**2 + 12*v + 8. What is n(13)?
-5
Let z(w) = 21*w - 1. Give z(1).
20
Let r(o) = -5*o - 14. What is r(-4)?
6
Let p(c) = c**2 - 2*c - 1. Calculate p(4).
7
Let z(b) = -3*b + 34. Give z(10).
4
Let o(v) = -v**2 - 17*v - 25. What is o(-12)?
35
Let i(n) = -n**2 - 4*n - 4. Give i(-6).
-16
Let i(b) = -7*b + 53. What is i(7)?
4
Let c(v) = v**3 + 14*v - 14. Determine c(1).
1
Let w(a) = a**2 - 2*a - 19. Calculate w(0).
-19
Let g(j) = -3*j**2 + 23*j - 14. Give g(7).
0
Let d(i) = i**2 - 3*i - 1. Determine d(5).
9
Let z(u) = u**2 - u - 1. What is z(3)?
5
Let d(w) = -w**3 + 7*w**2 + 3*w + 17. Calculate d(7).
38
Let a(w) = w**3 - 8*w**2 + w - 12. Give a(8).
-4
Let b(d) = -2*d + 9. Give b(6).
-3
Let j(y) = 11*y - 65. Give j(7).
12
Let z(k) = -24*k - 158. Give z(-7).
10
Let h(f) = f**2 - 12*f - 20. What is h(15)?
25
Let b(s) = -s**2 - 7*s + 5. Determine b(-7).
5
Let k(h) = -54*h**3 - h**2 + 1. Calculate k(1).
-54
Let c(p) = -p**3 + 2*p**2 - 3*p + 4. Determine c(3).
-14
Let i(z) = 38*z**3 + 379*z**2 - 11*z - 6. What is i(-10)?
4
Let u(o) = o**3 + 21*o**2 + 39*o + 9. Give u(-19).
-10
Let y(s) = -3*s**2 - 3*s + 4. Determine y(-4).
-32
Let r(b) = -b**2 + 14*b - 9. Give r(13).
4
Let m(t) = 18*t - 842. What is m(47)?
4
Let s(f) = 69*f + 7. Calculate s(-2).
-131
Let l(g) = g**3 + 4*g**2 - 3*g - 2. Calculate l(-5).
-12
Let y(c) = -14*c**2 - c + 1. Calculate y(1).
-14
Let l(i) = i**3 - 15*i**2 + 13*i + 13. Calculate l(14).
-1
Let l(o) = -17*o + 246. Give l(13).
25
Let t(j) = j**2 - 15*j + 29. What is t(11)?
-15
Let f(y) = -y + 11. Calculate f(4).
7
Let z(h) = -45*h - 95. Determine z(-2).
-5
Let q(c) = c**2 + 2*c - 18. Give q(6).
30
Let h(l) = l**3 - 11*l**2 - 13*l + 6. Determine h(12).
-6
Let i(a) = -6*a - 27. Calculate i(-3).
-9
Let v(o) = 7*o**3 + o**2 - o. Calculate v(1).
7
Let y(n) = 6*n**3 + 4*n. Give y(3).
174
Let n(h) = 5*h - 13. Calculate n(-15).
-88
Let b(q) = -q. Calculate b(5).
-5
Let y(h) = -5*h - 2. What is y(-2)?
8
Let b(k) = -k**3 + 11*k**2 - 17*k - 3. Give b(9).
6
Let o(m) = -7*m**2 - 2*m. Calculate o(-1).
-5
Let x(u) = u**3 - 15*u**2 + 19*u + 87. Calculate x(13).
-4
Let j(z) = z**3 + 2*z**2 - z - 1. What is j(-3)?
-7
Let q(t) = t**2 + 7*t - 2. Determine q(-6).
-8
Let v(l) = 2*l**2 - 9*l + 3. Calculate v(4).
-1
Let a(n) = 15*n + 10. What is a(4)?
70
Let t(j) = -j**2 - 13*j - 29. Give t(-5).
11
Let i(p) = 3*p**2 + 16*p - 14. Calculate i(-6).
-2
Let z(g) = -g**3 + 10*g**2 - 12*g + 10. Determine z(7).
73
Let w(b) = -16*b - 1. What is w(-1)?
15
Let l(m) = 49*m - 9. Determine l(0).
-9
Let d(f) = -f**2 - 12*f - 25. Give d(-10).
-5
Let b(z) = z**2 + 8*z + 12. Determine b(-5).
-3
Let b(r) = -2*r - 14. Give b(-14).
14
Let u(b) = -5*b**2 + 4*b - 3. Calculate u(2).
-15
Let l(b) = b + 1. Give l(-13).
-12
Let u(x) = -x**3 + x - 1. Calculate u(0).
-1
Let y(d) = d**2 - 5*d + 4. What is y(3)?
-2
Let x(a) = 104*a**3 + a. Give x(1).
105
Let u(i) = i**2 + 4*i - 7. What is u(-4)?
-7
Let m(s) = -14*s + 25. Give m(3).
-17
Let s(q) = -35*q + 70. Calculate s(3).
-35
Let h(p) = p**3 - 19*p**2 + 36*p - 35. Determine h(17).
-1
Let m(d) = 6*d - 156. Determine m(22).
-24
Let x(z) = 3*z**2 - 5*z + 3. Give x(1).
1
Let n(o) = -o**2 - 7*o + 11. Determine n(-7).
11
Let q(x) = x**2 + 4*x - 53. Calculate q(-9).
-8
Let v(l) = -l**3 + 8*l**2 - 5*l + 7. Give v(8).
-33
Let o(l) = -l**3 - 17*l**2 - 18*l - 28. What is o(-16)?
4
Let a(j) = -j**2 - 4*j - 19. Calculate a(-10).
-79
Let a(g) = 2*g. Calculate a(-9).
-18
Let h(k) = -k**3 + 10*k**2 - 13*k + 6. Calculate h(9).
-30
Let m(n) = -12*n**2 - 88*n - 30. Give m(-7).
-2
Let r(u) = u**2 + 12*u - 78. Calculate r(-15).
-33
Let s(o) = -o**3 + 13*o**2 + 4*o - 34. Give s(13).
18
Let p(m) = m**3 - 3*m**2 - 2*m + 3. What is p(3)?
-3
Let v(t) = -t**2 + t - 1. Calculate v(1).
-1
Let p(c) = -c**3 + 20*c**2 - 25*c + 21. Determine p(19).
-93
Let o(v) = v**2 + 8*v + 3. Give o(-6).
-9
Let b(t) = t**3 - 8*t**2 - 10*t + 13. What is b(9)?
4
Let z(v) = 12*v - 3. What is z(1)?
9
Let v(h) = -9*h**2 + 22*h. Determine v(2).
8
Let a(u) = 4*u - 56. Give a(16).
8
Let l(d) = -d**3 + 17*d**2 - 21*d + 23. What is l(16)?
-57
Let m(l) = 2*l**3 + 5*l**2